se 5
-410241
-20003 (base 4) to base 6
-2215
-76 (base 14) to base 11
-95
What is 2010 (base 3) in base 12?
49
What is 21531 (base 11) in base 4?
13220110
What is 23023100 (base 4) in base 14?
1297a
6b4 (base 13) to base 3
1121000
Convert 211044 (base 5) to base 3.
100122011
Convert 5202 (base 7) to base 10.
1815
What is -2133 (base 8) in base 16?
-45b
Convert -1232 (base 8) to base 3.
-220200
-21310 (base 4) to base 15
-2bd
What is 11212101 (base 3) in base 11?
2735
What is -82e (base 16) in base 15?
-949
What is 153 (base 8) in base 14?
79
What is -2245 (base 8) in base 11?
-991
What is -4253 (base 6) in base 9?
-1286
Convert 896 (base 10) to base 9.
1205
4113 (base 5) to base 14
2a1
What is -2d4 (base 14) in base 9?
-712
-102220 (base 4) to base 7
-3322
-10535 (base 6) to base 2
-10111011011
Convert 23677 (base 9) to base 16.
3df9
What is -10111010 (base 2) in base 12?
-136
Convert -100202012 (base 3) to base 9.
-10665
Convert -415 (base 12) to base 3.
-210222
-12222 (base 5) to base 11
-782
Convert -302330 (base 4) to base 14.
-128c
14698 (base 11) to base 3
1001112022
11323 (base 5) to base 15
3ad
What is -100111011 (base 2) in base 4?
-10323
28d1 (base 15) to base 6
104254
What is 211 (base 11) in base 8?
376
-102201 (base 3) to base 5
-2231
What is -12022 (base 5) in base 8?
-1567
-24c (base 13) to base 14
-20a
6472 (base 10) to base 12
38b4
-231200 (base 5) to base 16
-206c
Convert 37 (base 16) to base 2.
110111
What is -826 (base 11) in base 14?
-512
Convert -345 (base 11) to base 15.
-1c7
Convert -59ab (base 16) to base 12.
-1134b
What is 25b4 (base 12) in base 8?
10330
What is 9c3 (base 13) in base 9?
2266
What is 1d6 (base 16) in base 5?
3340
What is -5cb (base 13) in base 2?
-1111110100
What is 200332 (base 4) in base 15?
95a
-2235 (base 8) to base 13
-6cb
Convert 797 (base 13) to base 8.
2433
4d (base 14) to base 12
59
3000 (base 10) to base 8
5670
What is 246 (base 10) in base 3?
100010
10576 (base 9) to base 13
3282
Convert -279 (base 16) to base 4.
-21321
10001010100 (base 2) to base 14
592
Convert -6771 (base 10) to base 12.
-3b03
Convert 19a9 (base 11) to base 10.
2539
Convert 12110 (base 4) to base 10.
404
-3442 (base 7) to base 8
-2347
What is -212033 (base 4) in base 16?
-98f
What is -1851 (base 13) in base 8?
-7037
Convert -10010111001001 (base 2) to base 4.
-2113021
What is -181 (base 15) in base 12?
-24a
What is 1344 (base 8) in base 10?
740
Convert 142 (base 5) to base 9.
52
Convert 129a (base 11) to base 13.
9c5
846 (base 9) to base 3
221120
Convert -4ccd (base 15) to base 2.
-100000000001001
Convert -2343 (base 6) to base 7.
-1440
What is -26847 (base 9) in base 7?
-104011
What is -100110000111110 (base 2) in base 3?
-222202220
What is -12b (base 14) in base 5?
-1420
Convert 32469 (base 11) to base 12.
23348
What is -1130 (base 7) in base 3?
-120022
What is 202001 (base 4) in base 16?
881
-1765 (base 9) to base 5
-20410
-31 (base 8) to base 11
-23
-110101010100 (base 2) to base 7
-12643
Convert 380 (base 11) to base 16.
1c3
13401 (base 5) to base 10
1101
What is -331 (base 7) in base 2?
-10101001
Convert 3933 (base 12) to base 2.
1100101110111
Convert 2103 (base 5) to base 13.
185
Convert 988a (base 11) to base 14.
4a7b
Convert -111e (base 15) to base 13.
-1862
Convert 46636 (base 8) to base 14.
7354
-15551 (base 6) to base 16
-a1b
-ac9 (base 14) to base 9
-2834
8c08 (base 15) to base 12
15238
-1065 (base 8) to base 14
-2c5
Convert -62 (base 13) to base 9.
-88
What is -15b6 (base 12) in base 15?
-b76
Convert -48b (base 14) to base 13.
-54a
What is 760 (base 9) in base 16?
26d
Convert -11320131 (base 4) to base 7.
-130146
Convert -1196 (base 15) to base 4.
-322131
Convert -161465 (base 7) to base 6.
-403115
Convert -86b (base 14) to base 8.
-3177
What is -3140 (base 8) in base 16?
-660
Convert -d993 (base 14) to base 12.
-198a5
Convert 648 (base 11) to base 7.
2161
What is 1000110011 (base 2) in base 4?
20303
Convert 1412 (base 11) to base 4.
130210
What is -14a (base 11) in base 14?
-c7
273 (base 11) to base 5
2242
What is -1223 (base 8) in base 16?
-293
What is 2221241 (base 5) in base 7?
221355
What is -1a11 (base 12) in base 13?
-15a9
Convert 30965 (base 10) to base 13.
1112c
27317 (base 10) to base 8
65265
40303 (base 5) to base 16
a12
What is 4c (base 13) in base 11?
59
Convert -2012 (base 10) to base 9.
-2675
Convert -254130 (base 6) to base 15.
-6c00
What is -3330 (base 5) in base 14?
-253
What is 13010 (base 7) in base 9?
4638
What is 123 (base 9) in base 6?
250
What is 3d60 (base 14) in base 4?
2221300
-194 (base 15) to base 3
-111111
What is -30220 (base 5) in base 14?
-9c3
Convert 42230 (base 7) to base 13.
4979
Convert a41 (base 13) to base 3.
2101120
Convert -f7 (base 16) to base 8.
-367
Convert 2152 (base 7) to base 9.
1047
What is -8aac (base 16) in base 9?
-53624
-2531 (base 7) to base 2
-1110111001
Convert 347 (base 14) to base 16.
28b
Convert 2666 (base 7) to base 6.
4432
-5212 (base 9) to base 6
-25402
What is -8a3 (base 14) in base 9?
-2311
-508 (base 16) to base 3
-1202201
Convert -7684 (base 13) to base 11.
-11441
-1142 (base 7) to base 8
-646
What is -4011 (base 6) in base 8?
-1547
309 (base 13) to base 8
1004
-a3 (base 11) to base 12
-95
What is -31659 (base 11) in base 10?
-46044
Convert -56342 (base 7) to base 6.
-145532
Convert 101341 (base 5) to base 4.
310102
What is 2232 (base 9) in base 8?
3161
Convert -531233 (base 6) to base 2.
-1010100001000101
4b13 (base 15) to base 3
210221100
What is 2832 (base 13) in base 14?
2175
24666 (base 7) to base 11
4994
What is -5e5f (base 16) in base 5?
-1233114
What is -120332 (base 4) in base 6?
-11222
What is 14540 (base 6) in base 5?
33424
Convert -28b (base 14) to base 3.
-201002
Convert -1026 (base 7) to base 9.
-443
Convert 81 (base 15) to base 10.
121
What is 35213 (base 7) in base 13?
4154
Convert 7b2 (base 12) to base 14.
5b8
67567 (base 8) to base 14
a583
What is -411 (base 12) in base 14?
-301
What is -2916 (base 14) in base 5?
-213042
Convert 304014 (base 5) to base 11.
7476
What is 764b (base 13) in base 12?
9634
What is -d45 (base 14) in base 10?
-2609
358 (base 12) to base 9
615
Convert 8200 (base 12) to base 4.
3130200
What is 7a34 (base 15) in base 5?
1312144
What is -813 (base 13) in base 5?
-20433
Convert -3266 (base 7) to base 5.
-14200
What is 246 (base 7) in base 16?
84
What is 20231030 (base 4) in base 16?
8b4c
4452 (base 6) to base 12
728
What is -4194 (base 10) in base 14?
-1758
Convert 32012 (base 5) to base 4.
201110
Convert 1602 (base 12) to base 13.
1247
What is -209 (base 16) in base 13?
-311
-1577 (base 11) to base 6
-13204
Convert 721 (base 14) to base 12.
989
2ad (base 16) to base 11
573
What is -2 (base 3) in base 16?
-2
Convert -2872 (base 13) to base 10.
-5839
What is 641 (base 9) in base 2?
1000001011
Convert -2a (base 14) to base 11.
-35
-11010100000101 (base 2) to base 15
-404d
Convert 440 (base 7) to base 5.
1344
-11120010 (base 3) to base 9
-4503
Convert 16178 (base 11) to base 14.
846d
Convert 1101111111 (base 2) to base 4.
31333
What is -454 (base 11) in base 5?
-4133
-4512 (base 7) to base 5
-23001
What is -1153 (base 7) in base 8?
-656
Convert 8150 (base 11) to base 7.
43362
What is -3370 (base 11) in base 9?
-6065
What is -52056 (base 7) in base 15?
-3b8c
2343 (base 5) to base 10
348
What is 110010222 (base 3) in base 7?
34550
What is 20032 (base 4) in base 8?
1016
20404 (base 5) to base 8
2512
10013 (base 6) to base 4
110121
What is 1012312 (base 4) in base 11?
3452
What is -67655 (base 10) in base 14?
-1a927
-13502 (base 7) to base 10
-3677
-10a8 (base 12) to base 8
-3500
-2255 (base 6) to base 14
-2a7
What is -111010100 (base 2) in base 4?
-13110
Convert -224133 (base 5) to base 3.
-102000220
What is 18ba2 (base 12) in base 8?
106652
What is 110011110 (base 2) in base 11?
347
-1621 (base 9) to base 5
-14414
Convert 26629 (base 10) to base 9.
40467
-2001220 (base 3) to base 13
-8c1
What is -60214 (base 7) in base 15?
-447a
201 (base 8) to base 16
81
150 (base 14) to base 12
1a2
Convert -163 (base 11) to base 12.
-13a
What is 221122002 (base 3) in base 8?
44376
-13540 (base 7) to base 10
-3703
Convert -465b (base 13) to base 4.
-2122112
Convert -331 (base 8) to base 5.
-1332
Convert -122201 (base 4) t